(n) = -5*n + 1 - 2*n**2 + 0 + 4*n - 5*n**2. Suppose -5*o + 7 = -3*v, 3*v + 0*o = -3*o + 9. What is x(v)?
-7
Let m(a) = -a**3 - 3*a**2 + 5*a - 1. Suppose b + 4*v - 4 = 5*b, b + 9 = 3*v. Suppose 8*s - b*s + 20 = 0. Calculate m(s).
-5
Let k(n) = -n + 3. Let x be k(3). Suppose -3*t + 18 = 3*h, 4*h + 0*h = -3*t + 21. Let i(a) = 2*a - t*a + x*a. Give i(-5).
5
Suppose 2*q - 1 + 3 = 0. Let c = q + 2. Let a(y) = -137 + y + 4*y**2 + 137. Give a(c).
5
Let c(y) = y**3 + 4*y**2 - 6*y. Suppose 0 = -2*s - 0 - 10. Give c(s).
5
Suppose 0 = -p - 1 + 7. Let j be (40/12)/(4/p). Let o(h) = -h + 3. Calculate o(j).
-2
Let h(n) be the second derivative of 0 - 1/12*n**4 + 1/3*n**3 - 1/20*n**5 + 0*n**2 - n. Let m be h(-2). Let c(k) = -k**3 + k**2 + k + 8. Determine c(m).
8
Let h(w) be the first derivative of -2*w**3/3 - w**2/2 + w + 9. Calculate h(2).
-9
Let h(j) = -j**2 - 5. Let w(g) = -1. Let o(k) = -h(k) + 4*w(k). Let a(m) = -3*m. Let t be a(-1). Let p be (t/2)/((-9)/12). What is o(p)?
5
Let z(w) = -8*w - 4. Let f be z(-4). Let h = f - 22. Let q(l) = l**3 - 5*l**2 - 7*l + 8. Give q(h).
2
Let g(d) be the second derivative of 1/12*d**4 + 0*d**3 + 0 + d - 1/20*d**5 - 1/2*d**2. Calculate g(1).
-1
Let x be 34/(-8) + (-1)/(-4). Let y(b) be the first derivative of b**2 + 5*b + 9. Determine y(x).
-3
Let f(t) be the second derivative of t**4/12 - 2*t**2 - 15*t. Determine f(0).
-4
Let z(a) = a**2 + 3*a. Let c(t) = -t**2 + 15*t + 12. Let l be c(16). Let g be z(l). Let j(w) = 2*w + 1. Calculate j(g).
9
Let m be 8/(-24) - (-4)/(-6) - 7. Let h(k) = -2*k - 10. Calculate h(m).
6
Let u(p) be the first derivative of -p**4/4 + p**3/3 - p**2/2 - 4*p + 7. Determine u(0).
-4
Let s(w) = -4*w**2 + 3*w - 2 + 2 + 2*w**2. Calculate s(2).
-2
Let l(m) = m**3 + m**2 - 4*m + 3. Suppose -6 = -0*q - 3*q. Calculate l(q).
7
Let u(j) = 4*j + 4. Let w(z) = z. Let s(r) = u(r) - 3*w(r). Let o(b) = b - 1. Let p be o(3). Suppose -p*q - 16 = -6*q. Determine s(q).
8
Let d = -147/4 + 1103/30. Let l(f) be the third derivative of d*f**5 + 0 + 5/6*f**3 - 1/24*f**4 + 2*f**2 + 0*f. Give l(0).
5
Let g(w) = w**2 + w. Let n be g(0). Let q(u) be the second derivative of -u**5/20 - u**4/12 + 2*u**2 - 2*u. Calculate q(n).
4
Let z(y) = y**2 - 2*y. Suppose 5*a + u - 12 = 17, 4*a - 2*u = 12. Suppose 0 = -2*o - 0*k + a*k + 22, o - 5*k = 21. What is z(o)?
-1
Let l(v) be the first derivative of v**3/3 + 3*v**2/2 - 5*v - 13. Give l(-5).
5
Let j(r) be the third derivative of r**5/60 - r**4/8 - 2*r**3/3 + r**2. Let x = 40 + -37. Calculate j(x).
-4
Suppose 9 = 6*j - 9. Let o(v) be the second derivative of -1/2*v**2 + 0*v**4 - 3*v - 1/20*v**5 + 0 + 1/2*v**j. Calculate o(2).
-3
Let w(d) = -10*d. Let z(v) = -351*v. Let t(p) = 104*w(p) - 3*z(p). Give t(1).
13
Let w(h) = h**3 - 5*h**2 + 3*h + 4. Suppose -4*i + 6 = -i, 2*i + 7 = j. Let t = -7 + j. Calculate w(t).
0
Let u(q) = -7*q**3 + 3*q**2 + 2*q - 4. Let h(r) = -13*r**3 + 5*r**2 + 4*r - 8. Let v(b) = 6*h(b) - 11*u(b). What is v(-4)?
4
Let z(p) = -2 - 2 + 2 + 5 + p. Determine z(-5).
-2
Let c = 7 + -17. Let d be 0 - (-2 - -4) - c. Let p(s) = 2 + 3 + 2*s - d. What is p(2)?
1
Let z(p) be the third derivative of 0 + 0*p + 7/24*p**4 - 3*p**2 - 1/60*p**5 - 4/3*p**3. Let m(g) = 2*g**2 - g. Let j be m(2). Calculate z(j).
-2
Let v(s) = -s**3 - 2*s**2 + s. Let c = -51 + 48. Determine v(c).
6
Let x = 5 + -9. Let u(i) = i - 3. What is u(x)?
-7
Let t = -31 + 28. Let a(h) = -h**3 - 2*h**2 - h - 3. Give a(t).
9
Suppose 2*q - 6*q + 3*b + 46 = 0, 54 = 5*q - 2*b. Suppose 3*n + 5 = -0*m + m, -5*n - 2*m + q = 0. Let l(t) = 3*t**2 + 4 - 4*t**2 - t + 2 + 2*t**2. What is l(n)?
6
Let s = -25 + 27. Suppose 0 = 4*u + 4*r - 7 - 5, 3*u + 5*r = 15. Suppose u = -3*m - 0*m + s*g - 4, -3*g = 3. Let t(w) = w**2 + w - 1. Give t(m).
1
Suppose -5 = 2*s - 21. Let p be (-16)/(-10) + s/20. Let v(d) = -p*d + 2 - 3 + 0. Calculate v(1).
-3
Suppose -5 - 18 = -2*j - 3*o, 3*o - 3 = 3*j. Let d(v) = v**3 - 4*v**2 - 1. Give d(j).
-1
Let g(y) = -2 + y - 4*y - 2*y**2 - y. Calculate g(-4).
-18
Let l(g) = -g**2 - 2*g. Let f be l(-1). Let v(t) = -f + 4*t + t**2 - 1 - 2. Give v(-4).
-4
Suppose g = 3*g - 38. Suppose -5*c - 1 - g = 0. Let w(a) = -a - 7. Calculate w(c).
-3
Let l(v) = 4*v**2 - 3*v + 6. Let j(q) = 7*q**2 - 7*q + 11. Let g(u) = 3*j(u) - 5*l(u). Let c = 0 - 1. Let w be c/(-3) + 11/3. Give g(w).
-5
Let i(k) = -5*k + 1. Let l(h) = 11*h - 2. Let o(y) = -9*i(y) - 4*l(y). Give o(2).
1
Suppose 4*h - 2*n = -2, 0*h - 14 = 3*h - 4*n. Suppose -4*w - 5 = h*v + 3*v, -20 = v - 3*w. Let j = -5 - v. Let u(c) = -c**3 + c**2 + c + 3. Give u(j).
3
Let q(n) = -2 - 2*n**2 + 2*n + 0*n**2 + n + 0*n. Let g be (-17)/(-4) - 2/8. Suppose 4*y = k + 6, 0 = -k + 2*k - 3*y + g. Determine q(k).
-4
Let j(b) = 2*b**2 - 7*b - 1. Let o = 8 - 3. What is j(o)?
14
Let v(z) = z - 1. Let n(s) = 1. Let r(f) = -2*n(f) + v(f). What is r(6)?
3
Let q(d) = -d**2 + d - 2. Suppose 0 = -p - 1 + 2. Let j = p + -3. Give q(j).
-8
Let h = -1394 - -1389. Let u(k) = 4*k**3 + 3*k**2 + 2*k + 1. Let z(f) = f**3 - f**2 + 1. Let s(y) = u(y) - 3*z(y). What is s(h)?
13
Let m(g) = -3*g - 19. Let w be m(-8). Suppose -3*q + 10 = a, 0*q - w*q + 5*a = 10. Let d(o) = -o**2 + o. Determine d(q).
-2
Suppose -x = 3*s - 23, x + 2*x + 2*s - 41 = 0. Let l(a) = x*a + 0 - 13*a + 7. Calculate l(5).
-3
Let l(k) = -7*k - 5. Let o(r) = -r - 1. Let f(y) = l(y) - 6*o(y). Let h = -11 + 35. Suppose 3*x - 2*c = c - h, 2*x + 2*c = -4. Calculate f(x).
6
Let r = -12 + 15. Let t(i) = 3*i + 2. Let z(j) = j. Let m(d) = r*t(d) - 12*z(d). Let u be 6*(-2)/(-4) + 2. Give m(u).
-9
Let w(o) be the first derivative of o**3/3 + 5*o**2/2 + 3*o + 10. Give w(-3).
-3
Let u(l) = 5*l**3 - 2*l - 1. Suppose 29 = -2*q + i, 4*q - 2*i - i + 61 = 0. Let p = -14 - q. Calculate u(p).
-4
Let j(g) = g**3 + g**2 + g - 1. Let n = 137 - 136. Give j(n).
2
Let f be ((6 + -2)*-1)/(-2). Let n(b) = -2 + 2*b + 2 + 2*b**f + 9*b**3 + 5 - 4. What is n(-1)?
-8
Suppose -i + 0*v = v - 9, 3*i - 20 = 4*v. Suppose -p = 4*p + 5*w, -p - i = 5*w. Suppose -p*s + 6*s + 8 = 0. Let y(b) = b**2 - 2*b - 2. What is y(s)?
6
Let g(l) = l**2 + 2*l - 4 + 0*l + 2*l. Suppose 37*f - 39 + 224 = 0. What is g(f)?
1
Let c be ((-9)/12)/((-1)/4). Let k(r) = -c*r - 4*r + r + 4 + 3*r. Determine k(3).
-5
Let r(d) = 5*d**2 + 5*d. Let c(m) = -5*m**2 - 6*m. Let f(a) = -5*c(a) - 6*r(a). Determine f(1).
-5
Let z = -18 - -21. Let p(t) = -t**3 + 4*t**2 - 3*t - 3. What is p(z)?
-3
Let q(w) = -2*w**2 - 21*w - 15. Let j(z) = -z**2 - 11*z - 7. Let t(o) = 5*j(o) - 2*q(o). Determine t(-13).
-5
Let a(p) = p**3 + 5*p**2 + 7. Suppose 3*t = -4*x + 142, 4*t - 160 = x + x. Let q = -30 + t. Let n = -17 + q. Give a(n).
7
Let d(f) = 6*f**3 - 1. Let y be d(-1). Let o(q) = -q**3 - 7*q**2 - 4. Let j be o(y). Let h(n) = -n**2 - 4*n + 1. What is h(j)?
1
Let p(n) = -5*n + 5. Let t(w) = -3*w + 2. Let f(r) = -2*p(r) + 5*t(r). Determine f(-1).
5
Let u be (-1)/2 + (-38)/(-4). Suppose y = -4*q + 25, -q = y - 1 - u. Let p(a) = -4 + 2 + a + 0*a. Determine p(y).
3
Suppose 8 = -2*q + 3*g, -2*q + 0*g = 2*g - 12. Suppose -t + 9 = 2*t. Let o(m) = 4*m**t - m - m**2 + 6*m**3 + m**q. What is o(1)?
9
Let x(t) be the second derivative of -t**3/6 + 5*t**2 + 6*t. Let y(n) = -n**3 - 8*n**2 - 8*n - 7. Let f be y(-7). What is x(f)?
10
Let z(y) = -y - 1. Suppose -4*h - h = 40. Let p be (1 - 0) + h + 5. What is z(p)?
1
Let b(y) = y + 6. Let f(k) = k**2 + 8*k + 7. Suppose 2*j = -3*j + 35. Suppose -3*s - j = 11. Let c be f(s). Give b(c).
1
Let c(f) = -10*f - 12. Let j(m) = m + 1. Let a(t) = -2*c(t) - 22*j(t). Determine a(3).
-4
Let z = 21 - 21. Let w(v) = 3 - v**2 + v - 4 + 11. What is w(z)?
10
Suppose 6*w + 2 = -2*h + w, -16 = 4*h + 4*w. Let g(r) = r - 2. Determine g(h).
-8
Let d be (-8)/6*3/(-2). Suppose -d*c + 2 = -8. Let l(t) = 0*t + t + t**3 - 2*t**2 + 1 - 3*t**2. Give l(c).
6
Let r = 10 - 17. Let w(a) = a**3 + 6*a**2 - 6*a + 4. Calculate w(r).
-3
Let h(c) = c + 3. Let g = -80 + 194. Suppose 130 = 5*p - 5*r, -4*p + 3*r + g - 10 = 0. Suppose -l + b = 6, -l + 5*l = 5*b - p. What is h(l)?
-1
Let h = 100 - 46. Suppose 3*f = -2*l - f + 12, -5*l + 2*f + h = 0. Suppose -w - l = -3*d, -22 = -0*w - 3*w - 4*d. Let a(c) = -c**2 - 2*c - 1. Calculate a(w).
-9
Let v(y) = 2*y + 5. Let f(h) = 5*h + 11. Let r(d) = -3*f(d) + 7*v(d). Suppose -c 